{"id":4140,"date":"2026-01-11T18:07:07","date_gmt":"2026-01-11T17:07:07","guid":{"rendered":"https:\/\/dom-ilok.hr\/?page_id=4140"},"modified":"2026-03-05T10:19:58","modified_gmt":"2026-03-05T09:19:58","slug":"upravno-vijece","status":"publish","type":"page","link":"https:\/\/dom-ilok.hr\/?page_id=4140","title":{"rendered":"Odluke &#8211; Upravno vije\u0107e"},"content":{"rendered":"<p><strong>Odluke Upravno vije\u0107e<\/strong><\/p>\n<p><a href=\"https:\/\/dom-ilok.hr\/wp-content\/uploads\/2026\/02\/Odluka-o-razrjesenju-i-imenovanju-clana-Upravnog-vijeca-16122025.pdf\">Odluka o razrjesenju i imenovanju clana Upravnog vijeca 16122025<\/a>&nbsp;(pdf)<br \/>\n<a href=\"https:\/\/dom-ilok.hr\/wp-content\/uploads\/2024\/10\/Odluka-o-imenovanju-clana-Upravnog-vijeca.pdf\">Odluka o imenovanju clana Upravnog vijeca<\/a>&nbsp;(pdf)<br \/>\n<a href=\"https:\/\/dom-ilok.hr\/wp-content\/uploads\/2025\/10\/Odluka-o-razrjesenju-i-imenovanju-clana-u-Upravno-vijece.pdf\">Odluka o razrjesenju i imenovanju clana u Upravno vijece<\/a>&nbsp;(pdf)<br \/>\n<a href=\"https:\/\/dom-ilok.hr\/wp-content\/uploads\/2025\/10\/Odluka-o-imenovanju-clanova-Upravnog-vijeca.pdf\">Odluka o imenovanju clanova Upravnog vije\u0107a<\/a>&nbsp;(pdf)<\/p>\n<p>&nbsp;<\/p>\n<p>Odluke sa 22. sjednice Upravnog vije\u0107a Doma<\/p>\n<p><a href=\"https:\/\/dom-ilok.hr\/wp-content\/uploads\/2026\/03\/Odluke-22-sjednica-UV-a.pdf\">Odluke 22 sjednica UV-a<\/a>&nbsp;(pdf)<\/p>\n<p>Odluke sa 21. elektronske sjednice Upravnog vije\u0107a Doma<\/p>\n<p><a href=\"https:\/\/dom-ilok.hr\/wp-content\/uploads\/2026\/02\/Odluke-21-elektronska-sjednica.pdf\">Odluke 21 elektronska sjednica<\/a>&nbsp;(pdf)<\/p>\n<p>Odluke sa 20. sjednice Upravnog vije\u0107a Doma<\/p>\n<p><a href=\"https:\/\/dom-ilok.hr\/wp-content\/uploads\/2025\/12\/Odluke-20-sjednica-UV.pdf\">Odluke 20 sjednica UV<\/a>&nbsp;(pdf)<\/p>\n<p>Odluke sa 19. sjednice Upravnog vije\u0107a Doma<\/p>\n<p><a href=\"https:\/\/dom-ilok.hr\/wp-content\/uploads\/2025\/12\/Odluke-19-elektronska-sjednica.pdf\">Odluke 19 elektronska sjednica<\/a>&nbsp;(pdf)<\/p>\n<p>Odluke sa 18. sjednice Upravnog vije\u0107a Doma<\/p>\n<p><a href=\"https:\/\/dom-ilok.hr\/wp-content\/uploads\/2025\/10\/Odluke-18-sjednica-UV-a.pdf\">Odluke 18 sjednica UV-a<\/a>&nbsp;(pdf)<\/p>\n<p>Odluke sa 17. sjednice Upravnog vije\u0107a Doma<\/p>\n<p><a href=\"https:\/\/dom-ilok.hr\/wp-content\/uploads\/2025\/06\/Odluka-Revizorsko-izvjesce.pdf\">Odluka Revizorsko izvjesce<\/a>&nbsp;(pdf)<br \/>\n<a href=\"https:\/\/dom-ilok.hr\/wp-content\/uploads\/2025\/06\/Dom-za-starije-i-nemocne-Ilok-izvjestaj-2024.pdf\">Dom za starije i nemocne Ilok &#8211; izvjestaj 2024<\/a>&nbsp;(pdf)<br \/>\n<a href=\"https:\/\/dom-ilok.hr\/wp-content\/uploads\/2025\/06\/Odluka-Samoprocjena-funkcioniranja.pdf\">Odluka Samoprocjena funkcioniranja<\/a>&nbsp;(pdf)<br \/>\n<a href=\"https:\/\/dom-ilok.hr\/wp-content\/uploads\/2025\/06\/Upitnik-o-funkcioniranju-sustava-financijskog-upravljanja-i-kontrola-2024-SAMOPROCJENA.docx\">Upitnik o funkcioniranju sustava financijskog upravljanja i kontrola 2024 SAMOPROCJENA<\/a>&nbsp;(docx)<\/p>\n<p>Odluke sa 16. sjednice Upravnog vije\u0107a Doma<\/p>\n<p><a href=\"https:\/\/dom-ilok.hr\/wp-content\/uploads\/2025\/06\/Odluke-16-elektronska-sjednica.pdf\">Odluke 16 elektronska sjednica<\/a>&nbsp;(pdf)<\/p>\n<p>Odluke sa 15. sjednice Upravnog vije\u0107a Doma<\/p>\n<p><span style=\"text-decoration: underline;\"><a href=\"https:\/\/dom-ilok.hr\/wp-content\/uploads\/2025\/04\/Odluke-15-sjednica-Upravnog-vijeca_.pdf\">Odluke &#8211; 15 sjednica Upravnog vijeca_<\/a><\/span> (pdf)<\/p>\n<p>Odluke sa 14. sjednice Upravnog vije\u0107a Doma<\/p>\n<p><a href=\"https:\/\/dom-ilok.hr\/wp-content\/uploads\/2025\/01\/14-sjednica-UV-a-Odluke.pdf\">14 sjednica UV-a Odluke<\/a>&nbsp;(pdf)<br \/>\n<a href=\"https:\/\/dom-ilok.hr\/wp-content\/uploads\/2025\/01\/Odluka-o-usvajanju-Programa-rada-Doma-za-2025.pdf\">Odluka o usvajanju Programa rada Doma za 2025<\/a>&nbsp;(pdf)<br \/>\n<a href=\"https:\/\/dom-ilok.hr\/wp-content\/uploads\/2025\/01\/Odluka-UV-Izmjene-Pravilnika-o-unutarnjem-ustroju.pdf\">Odluka UV Izmjene Pravilnika o unutarnjem ustroju<\/a>&nbsp;(pdf)<\/p>\n<p>Odluke sa 13. sjednice Upravnog vije\u0107a Doma<\/p>\n<p><a style=\"text-decoration: underline;\" href=\"https:\/\/dom-ilok.hr\/wp-content\/uploads\/2024\/11\/Odluke-13-sjednica-UV-a.pdf\">Odluke 13 sjednica UV-a<\/a>&nbsp;(pdf)<\/p>\n<p>Odluke sa 10. sjednice Upravnog vije\u0107a Doma<\/p>\n<p><a href=\"https:\/\/dom-ilok.hr\/wp-content\/uploads\/2024\/07\/ODLUKA-Pravilnik-o-sistematizaciji-poslova-Doma.pdf\">ODLUKA &#8211; Pravilnik o sistematizaciji poslova Doma<\/a> (pdf)<br \/>\n<a href=\"https:\/\/dom-ilok.hr\/wp-content\/uploads\/2024\/07\/ODLUKA-Samoprocjena-funkcioniranja-2023.pdf\">ODLUKA &#8211; Samoprocjena funkcioniranja 2023<\/a>&nbsp;(pdf)<br \/>\n<a href=\"https:\/\/dom-ilok.hr\/wp-content\/uploads\/2024\/07\/ODLUKA-Revizorsko-izvjesce.pdf\">ODLUKA &#8211; Revizorsko izvjesce<\/a>&nbsp;(pdf)<br \/>\n<a href=\"https:\/\/dom-ilok.hr\/wp-content\/uploads\/2024\/07\/ODLUKA-Otpis-duga-Razvitak.pdf\">ODLUKA &#8211; Otpis duga Razvitak<\/a>&nbsp;(pdf)<br \/>\n<a href=\"https:\/\/dom-ilok.hr\/wp-content\/uploads\/2024\/07\/ODLUKA-2-Izmjena-i-dopuna-objedinjen-Plan-nabave.pdf\">ODLUKA 2 Izmjena i dopuna objedinjen Plan nabave<\/a>&nbsp;(pdf)<br \/>\n<a href=\"https:\/\/dom-ilok.hr\/wp-content\/uploads\/2024\/07\/ODLUKA-2-Izmjena-i-dopuna-Plan-nabave.pdf\">ODLUKA 2 Izmjena i dopuna Plan nabave<\/a>&nbsp;(pdf)<br \/>\n<a href=\"https:\/\/dom-ilok.hr\/wp-content\/uploads\/2024\/07\/ODLUKA-Pravilnik-o-radu-Doma.pdf\">ODLUKA &#8211; Pravilnik o radu Doma<\/a>&nbsp;(pdf)<\/p>\n<p>Odluke sa 09. sjednice Upravnog vije\u0107a Doma<\/p>\n<p><a href=\"https:\/\/dom-ilok.hr\/wp-content\/uploads\/2024\/04\/ODLUKA-Izvjesce-o-radu-Doma-2023.pdf\">ODLUKA -Izvjesce o radu Doma 2023<\/a>&nbsp;(pdf)<br \/>\n<a href=\"https:\/\/dom-ilok.hr\/wp-content\/uploads\/2024\/04\/ODLUKA-prijedlog-Pravilnika-o-radu.pdf\">ODLUKA -prijedlog Pravilnika o radu<\/a>&nbsp;(pdf)<br \/>\n<a href=\"https:\/\/dom-ilok.hr\/wp-content\/uploads\/2024\/04\/ODLUKA-prijedlog-Pravilnika-o-sistematizaciji-poslova.pdf\">ODLUKA -prijedlog Pravilnika o sistematizaciji poslova<\/a>&nbsp;(pdf)<br \/>\n<a href=\"https:\/\/dom-ilok.hr\/wp-content\/uploads\/2024\/04\/ODLUKA-van-snage-cl_60-i-61.pdf\">ODLUKA- van snage cl_60 i 61<\/a>&nbsp;(pdf)<br \/>\n<a href=\"https:\/\/dom-ilok.hr\/wp-content\/uploads\/2024\/04\/Odluka-koeficijenti.pdf\">Odluka-koeficijenti<\/a>&nbsp;(pdf)<\/p>\n<p>Odluke sa 07. sjednice Upravnog vije\u0107a Doma<\/p>\n<p><a href=\"https:\/\/dom-ilok.hr\/wp-content\/uploads\/2024\/02\/ODLUKA-objedinjeni-Financ_plan-Zazeli-i-Dom-2024.pdf\">ODLUKA &#8211; objedinjeni Financ_plan Zazeli i Dom 2024<\/a>&nbsp;(pdf)<br \/>\n<a href=\"https:\/\/dom-ilok.hr\/wp-content\/uploads\/2024\/02\/ODLUKA-Plan-nabave-Zazeli.pdf\">ODLUKA &#8211; Plan nabave-Zazeli<\/a>&nbsp;(pdf)<br \/>\n<a href=\"https:\/\/dom-ilok.hr\/wp-content\/uploads\/2024\/02\/ODLUKA-Financ_plan-Zazeli-za-2024.pdf\">ODLUKA -Financ_plan Zazeli za 2024<\/a>&nbsp;(pdf)<br \/>\n<a href=\"https:\/\/dom-ilok.hr\/wp-content\/uploads\/2024\/02\/ODLUKA-Financ_plan-Zazeli-ukupni-proracun.pdf\">ODLUKA -Financ_plan Zazeli-ukupni proracun<\/a>&nbsp;(pdf)<br \/>\n<a href=\"https:\/\/dom-ilok.hr\/wp-content\/uploads\/2024\/02\/ODLUKA-Financijsko-izvjesce-2023.pdf\">ODLUKA -Financijsko izvjesce 2023<\/a>&nbsp;(pdf)<br \/>\n<a href=\"https:\/\/dom-ilok.hr\/wp-content\/uploads\/2024\/02\/ODLUKA-Inventura-2023.pdf\">ODLUKA -Inventura 2023<\/a>&nbsp;(pdf)<br \/>\n<a href=\"https:\/\/dom-ilok.hr\/wp-content\/uploads\/2024\/02\/ODLUKA-objedinjeni-Plan-nabave-Dom-i-Zazeli.pdf\">ODLUKA -objedinjeni Plan nabave Dom i Zazeli<\/a>&nbsp;(pdf)<\/p>\n<p>Odluke sa 05. i 06.. sjednice Upravnog vije\u0107a Doma<\/p>\n<p><a href=\"https:\/\/dom-ilok.hr\/wp-content\/uploads\/2024\/02\/Odluke-05-i-06-elektronska-sjednica.pdf\">Odluke 05 i 06 elektronska sjednica<\/a>&nbsp;(pdf)<br \/>\n<a href=\"https:\/\/dom-ilok.hr\/wp-content\/uploads\/2024\/02\/ODLUKA-zaposljavanje_med_sestra_05_UV.pdf\">ODLUKA-zaposljavanje_med_sestra_05_UV<\/a>&nbsp;(pdf)<br \/>\n<a href=\"https:\/\/dom-ilok.hr\/wp-content\/uploads\/2024\/02\/ODLUKA-1_Izmjena-i-dopuna_Financijsko-plana_06_UV.pdf\">ODLUKA 1_Izmjena i dopuna_Financijsko plana_06_UV<\/a>&nbsp;(pdf)<br \/>\n<a href=\"https:\/\/dom-ilok.hr\/wp-content\/uploads\/2024\/02\/ODLUKA-1_Izmjena-i-dopuna-Plan-nabave_06_UV.pdf\">ODLUKA 1_Izmjena i dopuna Plan nabave_06_UV<\/a>&nbsp;(pdf)<\/p>\n<p>Odluke sa 04. sjednice Upravnog vije\u0107a<\/p>\n<p><a href=\"https:\/\/dom-ilok.hr\/wp-content\/uploads\/2024\/01\/Odluka-Program-rada-Doma-2024.pdf\">Odluka Program rada Doma 2024<\/a>&nbsp;(pdf)<\/p>\n<p><a href=\"https:\/\/dom-ilok.hr\/wp-content\/uploads\/2024\/01\/Odluka-o-izboru-ravnatelja.pdf\">Odluka o izboru ravnatelja<\/a>&nbsp;(pdf)<\/p>\n<p>Odluke sa 03. sjednice Upravnog vije\u0107a<br \/>\n<a href=\"https:\/\/dom-ilok.hr\/wp-content\/uploads\/2024\/01\/Odluka-4-izmjene-i-dopune-objedinjenog-Plana-nabave-2023.pdf\">Odluka &#8211; 4 izmjene i dopune objedinjenog Plana nabave 2023<\/a>&nbsp;(pdf)<br \/>\n<a href=\"https:\/\/dom-ilok.hr\/wp-content\/uploads\/2024\/01\/Odluka-Izmjene-i-dopune-Zazeli-2023.pdf\">Odluka &#8211; Izmjene i dopune Zazeli 2023<\/a>&nbsp;(pdf)<br \/>\n<a href=\"https:\/\/dom-ilok.hr\/wp-content\/uploads\/2024\/01\/Odluka-naknada-troskova-prijevoza.pdf\">Odluka &#8211; naknada troskova prijevoza<\/a>&nbsp;(pdf)<br \/>\n<a href=\"https:\/\/dom-ilok.hr\/wp-content\/uploads\/2024\/01\/Odluka-2-Izmjene-i-dopune-Plan-nabave-Srce-zajednice.pdf\">Odluka 2 Izmjene i dopune Plan nabave Srce zajednice<\/a>&nbsp;(pdf)<br \/>\n<a href=\"https:\/\/dom-ilok.hr\/wp-content\/uploads\/2024\/01\/Odluka-4-Izmjene-i-dopune-Financijski-plan-2023.pdf\">Odluka 4 Izmjene i dopune Financijski plan 2023<\/a>&nbsp;(pdf)<br \/>\n<a href=\"https:\/\/dom-ilok.hr\/wp-content\/uploads\/2024\/01\/Odluka-4-Izmjene-i-dopune-Plan-nabave-2023.pdf\">Odluka 4 Izmjene i dopune Plan nabave 2023<\/a>&nbsp;(pdf)<br \/>\n<a href=\"https:\/\/dom-ilok.hr\/wp-content\/uploads\/2024\/01\/Odluka-Financijski-plan-2024.pdf\">Odluka Financijski plan 2024<\/a>&nbsp;(pdf)<br \/>\n<a href=\"https:\/\/dom-ilok.hr\/wp-content\/uploads\/2024\/01\/Odluka-Izmjene-i-dopune-objedinjeni-Dom-Srce-Zazeli-2023.pdf\">Odluka Izmjene i dopune objedinjeni Dom-Srce-Zazeli 2023<\/a>&nbsp;(pdf)<br \/>\n<a href=\"https:\/\/dom-ilok.hr\/wp-content\/uploads\/2024\/01\/Odluka-Izmjene-i-dopune-Srce-zajednice-2023.pdf\">Odluka Izmjene i dopune Srce zajednice 2023<\/a>&nbsp;(pdf)<br \/>\n<a href=\"https:\/\/dom-ilok.hr\/wp-content\/uploads\/2024\/01\/Odluka-Izvjesce-Povjerenstva-infekcije-zdravstvena-skrb.pdf\">Odluka Izvjesce Povjerenstva infekcije zdravstvena skrb<\/a>&nbsp;(pdf)<br \/>\n<a href=\"https:\/\/dom-ilok.hr\/wp-content\/uploads\/2024\/01\/Odluka-Plan-nabave-2024.pdf\">Odluka Plan nabave 2024<\/a>&nbsp;(pdf)<\/p>\n<p><a href=\"https:\/\/dom-ilok.hr\/wp-content\/uploads\/2023\/11\/Clan-predstavnik-radnika-UV.pdf\">Clan predstavnik radnika UV<\/a>&nbsp;(pdf)<\/p>\n<p><a href=\"https:\/\/dom-ilok.hr\/wp-content\/uploads\/2023\/11\/ODLUKA-clan-predstavnik-korisnika-UV.pdf\">ODLUKA clan predstavnik korisnika UV<\/a>&nbsp;(pdf)<\/p>\n<p><a href=\"https:\/\/dom-ilok.hr\/wp-content\/uploads\/2023\/11\/ODLUKA-clanovi-Upravnog-vijeca-UV.pdf\">ODLUKA clanovi Upravnog vijeca UV<\/a>&nbsp;(pdf)<\/p>\n<p><span style=\"text-decoration: underline;\"><a style=\"text-decoration: underline;\" href=\"https:\/\/dom-ilok.hr\/wp-content\/uploads\/2023\/11\/Odluke-01-konstituirajuce-sjednice-Upravnog-vijeca_.pdf\">Odluke 01 konstituirajuce sjednice Upravnog vijeca_<\/a><\/span>&nbsp;(pdf)<\/p>\n<p><a href=\"https:\/\/dom-ilok.hr\/wp-content\/uploads\/2023\/10\/Odluke-32-i-33-sjednica-Upravnog-vijeca.pdf\">Odluke 32 i 33 sjednica Upravnog vijeca<\/a> (pdf)<\/p>\n<p><a style=\"text-decoration: underline;\" href=\"https:\/\/dom-ilok.hr\/wp-content\/uploads\/2023\/05\/Odluke-30-sjednica-Upravnog-vijeca.pdf\">Odluke 30 sjednica Upravnog vijeca<\/a>&nbsp;(pdf)<\/p>\n<p><a href=\"https:\/\/dom-ilok.hr\/wp-content\/uploads\/2023\/04\/Odluke-29-sjednica-Upravnog-vijeca.pdf\">Odluke 29 sjednica Upravnog vijeca<\/a>&nbsp;(pdf)<\/p>\n<p><a href=\"https:\/\/dom-ilok.hr\/wp-content\/uploads\/2023\/04\/Odluka-28-sjednica-Upravnog-vijeca.pdf\">Odluka 28 sjednica Upravnog vijeca<\/a>&nbsp;(pdf)<\/p>\n<p><a href=\"https:\/\/dom-ilok.hr\/wp-content\/uploads\/2023\/01\/Odluke-27-elektronska-sjednica-Upravnog-vijeca.pdf\">Odluke 27 elektronska sjednica Upravnog vijeca<\/a>&nbsp;(pdf)<\/p>\n<p><a href=\"https:\/\/dom-ilok.hr\/wp-content\/uploads\/2023\/01\/Odluke-26-sjednica-Upravnog-vijeca.pdf\">Odluke 26 sjednica Upravnog vijeca<\/a>&nbsp;(pdf)<\/p>\n<p><a href=\"https:\/\/dom-ilok.hr\/wp-content\/uploads\/2022\/11\/Odluke-25-sjednica-Upravnog-vijeca.pdf\">Odluke 25 sjednica Upravnog vijeca<\/a>&nbsp;(pdf)<\/p>\n<p><a href=\"https:\/\/dom-ilok.hr\/wp-content\/uploads\/2022\/07\/Odluke-23-sjednica-Upravnog-vijeca.pdf\">Odluke 23 sjednica Upravnog vijeca<\/a>&nbsp;(pdf)<\/p>\n<p><a href=\"https:\/\/dom-ilok.hr\/wp-content\/uploads\/2022\/07\/Odluke-22-sjednica-Upravnog-vijeca.pdf\">Odluke 22 sjednica Upravnog vijeca<\/a>&nbsp;(pdf)<\/p>\n<p><a href=\"https:\/\/dom-ilok.hr\/wp-content\/uploads\/2022\/04\/Odluke-20-sjednica-Upravnog-vijeca.pdf\">Odluke 20 sjednica Upravnog vijeca<\/a>&nbsp;(pdf)<\/p>\n<p><a href=\"https:\/\/dom-ilok.hr\/wp-content\/uploads\/2022\/01\/Odluke-sa-19-sjednice-Upravnog-vijeca-Doma-Ilok.pdf\">Odluke sa 19 sjednice Upravnog vijeca Doma Ilok<\/a>&nbsp;(pdf)<\/p>\n<p><a href=\"https:\/\/dom-ilok.hr\/wp-content\/uploads\/2021\/05\/Odluke-sjednice-UV-Doma-25052021.pdf\">Odluke &#8211; sjednice UV Doma 25052021<\/a>&nbsp;(pdf)<\/p>\n<p><a href=\"https:\/\/dom-ilok.hr\/wp-content\/uploads\/2021\/03\/Odluka-financiranje-projekta-Support-Life.pdf\">Odluka &#8211; financiranje projekta Support Life<\/a>&nbsp;(pdf)<\/p>\n<p><a href=\"https:\/\/dom-ilok.hr\/wp-content\/uploads\/2021\/03\/Odluke-sa-11-sjednice-Upravnog-vijeca-Doma-26_2_2021.pdf\">Odluke sa 11 sjednice Upravnog vijeca Doma 26_2_2021<\/a>&nbsp;(pdf)<\/p>\n<p><a href=\"https:\/\/dom-ilok.hr\/wp-content\/uploads\/2021\/01\/Odluke-10-sjednice-Upravnog-vijeca-28_12_2020.pdf\">Odluke 10 sjednice Upravnog vijeca 28_12_2020<\/a>&nbsp;(pdf)<\/p>\n","protected":false},"excerpt":{"rendered":"<p>Odluke Upravno vije\u0107e Odluka o razrjesenju i imenovanju clana Upravnog vijeca 16122025&nbsp;(pdf) Odluka o imenovanju clana Upravnog vijeca&nbsp;(pdf) Odluka o razrjesenju i imenovanju clana u Upravno vijece&nbsp;(pdf) Odluka o imenovanju clanova Upravnog vije\u0107a&nbsp;(pdf) &nbsp; Odluke sa 22. sjednice Upravnog vije\u0107a Doma Odluke 22 sjednica UV-a&nbsp;(pdf) Odluke sa 21. elektronske sjednice Upravnog vije\u0107a Doma Odluke 21&hellip;<\/p>\n","protected":false},"author":1,"featured_media":0,"parent":0,"menu_order":0,"comment_status":"closed","ping_status":"closed","template":"","meta":{"_monsterinsights_skip_tracking":false,"_monsterinsights_sitenote_active":false,"_monsterinsights_sitenote_note":"","_monsterinsights_sitenote_category":0,"ngg_post_thumbnail":0,"footnotes":""},"class_list":["post-4140","page","type-page","status-publish","hentry","description-off"],"aioseo_notices":[],"_links":{"self":[{"href":"https:\/\/dom-ilok.hr\/index.php?rest_route=\/wp\/v2\/pages\/4140","targetHints":{"allow":["GET"]}}],"collection":[{"href":"https:\/\/dom-ilok.hr\/index.php?rest_route=\/wp\/v2\/pages"}],"about":[{"href":"https:\/\/dom-ilok.hr\/index.php?rest_route=\/wp\/v2\/types\/page"}],"author":[{"embeddable":true,"href":"https:\/\/dom-ilok.hr\/index.php?rest_route=\/wp\/v2\/users\/1"}],"replies":[{"embeddable":true,"href":"https:\/\/dom-ilok.hr\/index.php?rest_route=%2Fwp%2Fv2%2Fcomments&post=4140"}],"version-history":[{"count":6,"href":"https:\/\/dom-ilok.hr\/index.php?rest_route=\/wp\/v2\/pages\/4140\/revisions"}],"predecessor-version":[{"id":4347,"href":"https:\/\/dom-ilok.hr\/index.php?rest_route=\/wp\/v2\/pages\/4140\/revisions\/4347"}],"wp:attachment":[{"href":"https:\/\/dom-ilok.hr\/index.php?rest_route=%2Fwp%2Fv2%2Fmedia&parent=4140"}],"curies":[{"name":"wp","href":"https:\/\/api.w.org\/{rel}","templated":true}]}}