{"id":4107,"date":"2026-01-11T17:53:37","date_gmt":"2026-01-11T16:53:37","guid":{"rendered":"https:\/\/dom-ilok.hr\/?page_id=4107"},"modified":"2026-02-01T18:09:59","modified_gmt":"2026-02-01T17:09:59","slug":"pravo-na-pristup-informacijama","status":"publish","type":"page","link":"https:\/\/dom-ilok.hr\/?page_id=4107","title":{"rendered":"Pravo na pristup informacijama"},"content":{"rendered":"<p><strong>Pravo na pristup informacijama Doma za starije i nemo\u0107ne osobe Ilok<\/strong><\/p>\n<p>&nbsp;<\/p>\n<p><strong>Obrasci:<\/strong><\/p>\n<p><a href=\"https:\/\/dom-ilok.hr\/wp-content\/uploads\/2026\/02\/Obrazac-1-Upisnik-o-zahtjevima-postupcima-i-odlukama-o-ostvarivanju-prava-na-pristup-informacija.doc\">Obrazac 1 &#8211; Upisnik o zahtjevima postupcima i odlukama o ostvarivanju prava na pristup informacija<\/a>&nbsp;(docx)<\/p>\n<p><a href=\"https:\/\/dom-ilok.hr\/wp-content\/uploads\/2026\/01\/Obrazac-2-Zahtjev-za-pristup-informacijama.pdf\">Obrazac 2 &#8211; Zahtjev za pristup informacijama<\/a>&nbsp;(pdf)<\/p>\n<p><a href=\"https:\/\/dom-ilok.hr\/wp-content\/uploads\/2026\/01\/Obrazac-3-Zahtjev-za-dopunu-ili-ispravak-informacije.pdf\">Obrazac 3 &#8211; Zahtjev za dopunu ili ispravak informacije<\/a>&nbsp;(pdf)<\/p>\n<p><a href=\"https:\/\/dom-ilok.hr\/wp-content\/uploads\/2026\/01\/Obrazac-4-Zahtjev-za-ponovnu-uporabu-informacija.pdf\">Obrazac 4 &#8211; Zahtjev za ponovnu uporabu informacija<\/a>&nbsp;(pdf)<\/p>\n<p><a href=\"https:\/\/dom-ilok.hr\/wp-content\/uploads\/2026\/01\/Obrazac-5-Obavijest-da-je-informacija-dostupna-u-upravnom-postupku.docx\">Obrazac 5 &#8211; Obavijest da je informacija dostupna u upravnom postupku<\/a>&nbsp;(docx)<\/p>\n<p><a href=\"https:\/\/dom-ilok.hr\/wp-content\/uploads\/2026\/01\/Obrazac-6-Obavijest-da-je-informacija-objavljena.docx\">Obrazac 6 &#8211; Obavijest da je informacija objavljena<\/a>&nbsp;(docx)<\/p>\n<p><a href=\"https:\/\/dom-ilok.hr\/wp-content\/uploads\/2026\/01\/Obrazac-7-Ustupanje-zahtjeva-nadleznom-tijelu-javne-vlasti.docx\">Obrazac 7 &#8211; Ustupanje zahtjeva nadle\u017enom tijelu javne vlasti<\/a>&nbsp;(docx)<\/p>\n<p>&nbsp;<\/p>\n<p><strong>Godi\u0161nja izvje\u0161\u0107a ZPPI:<\/strong><\/p>\n<p>Izvje\u0161\u0107e o provedbi Zakona o pravu na pristup informacijama za 2025. godinu:<\/p>\n<p><a href=\"https:\/\/dom-ilok.hr\/wp-content\/uploads\/2026\/01\/2025-Godisnje-izvjesce-ZPPI.pdf\">2025 &#8211; Godisnje izvjesce ZPPI<\/a>&nbsp;(pdf)<\/p>\n<p><a href=\"https:\/\/dom-ilok.hr\/wp-content\/uploads\/2026\/01\/2025-Godisnje-izvjesce-ZPPI.csv\">2025 &#8211; Godisnje izvjesce ZPPI<\/a>&nbsp;(csv)<\/p>\n<p>Izvje\u0161\u0107e o provedbi Zakona o pravu na pristup informacijama za 2024. godinu:<\/p>\n<p><a href=\"https:\/\/dom-ilok.hr\/wp-content\/uploads\/2026\/01\/2024-Godisnje-izvjesce-ZPPI.pdf\">2024 &#8211; Godisnje izvjesce ZPPI<\/a>&nbsp;(pdf)<\/p>\n<p>Izvje\u0161\u0107e o provedbi Zakona o pravu na pristup informacijama za 2023. godinu:<\/p>\n<p><a href=\"https:\/\/dom-ilok.hr\/wp-content\/uploads\/2026\/01\/2023-Godisnje-izvjesce-ZPPI.pdf\">2023 &#8211; Godisnje izvjesce ZPPI<\/a>&nbsp;(pdf)<\/p>\n<p><a href=\"https:\/\/dom-ilok.hr\/wp-content\/uploads\/2026\/01\/2023-Upitnik-za-samoprocjenu-TJV-sukladno-ZPPI.xls\">2023 &#8211; Upitnik za samoprocjenu TJV sukladno ZPPI<\/a>&nbsp;(xlsx)<\/p>\n<p>Izvje\u0161\u0107e o provedbi Zakona o pravu na pristup informacijama za 2022. godinu:<\/p>\n<p><a href=\"https:\/\/dom-ilok.hr\/wp-content\/uploads\/2026\/01\/2022-Godisnje-izvjesce-ZPPI.pdf\">2022 &#8211; Godisnje izvjesce ZPPI<\/a>&nbsp;(pdf)<\/p>\n<p>Izvje\u0161\u0107e o provedbi Zakona o pravu na pristup informacijama za 2021. godinu:<\/p>\n<p><a href=\"https:\/\/dom-ilok.hr\/wp-content\/uploads\/2026\/01\/2021-Godisnje-izvjesce-ZPPI.pdf\">2021 &#8211; Godisnje izvjesce ZPPI<\/a>&nbsp;(pdf)<\/p>\n<p>Izvje\u0161\u0107e o provedbi Zakona o pravu na pristup informacijama za 2020. godinu:<\/p>\n<p><a href=\"https:\/\/dom-ilok.hr\/wp-content\/uploads\/2026\/01\/2020-Godisnje-izvjesce-ZPPI.pdf\">2020 &#8211; Godisnje izvjesce ZPPI<\/a>&nbsp;(pdf)<\/p>\n<p>Izvje\u0161\u0107e o provedbi Zakona o pravu na pristup informacijama za 2019. godinu:<\/p>\n<p><a href=\"https:\/\/dom-ilok.hr\/wp-content\/uploads\/2026\/01\/2019-Godisnje-izvjesce-ZPPI.pdf\">2019 &#8211; Godisnje izvjesce ZPPI<\/a>&nbsp;(pdf)<\/p>\n<p>Izvje\u0161\u0107e o provedbi Zakona o pravu na pristup informacijama za 2018. godinu:<\/p>\n<p><a href=\"https:\/\/dom-ilok.hr\/wp-content\/uploads\/2026\/01\/2018-Godisnje-izvjesce-ZPPI.pdf\">2018 &#8211; Godisnje izvjesce ZPPI<\/a>&nbsp;(pdf)<\/p>\n<p>Izvje\u0161\u0107e o provedbi Zakona o pravu na pristup informacijama za 2017. godinu:<\/p>\n<p><a href=\"https:\/\/dom-ilok.hr\/wp-content\/uploads\/2026\/01\/2017-Godisnje-izvjesce-ZPPI.pdf\">2017 &#8211; Godisnje izvjesce ZPPI<\/a>&nbsp;(pdf)<\/p>\n<p>Izvje\u0161\u0107e o provedbi Zakona o pravu na pristup informacijama za 2016. godinu:<\/p>\n<p><a href=\"https:\/\/dom-ilok.hr\/wp-content\/uploads\/2026\/01\/2016-Godisnje-izvjesce-ZPPI.pdf\">2016 &#8211; Godisnje izvjesce ZPPI<\/a>&nbsp;(pdf)<\/p>\n<p>Izvje\u0161\u0107e o provedbi Zakona o pravu na pristup informacijama za 2015. godinu:<\/p>\n<p><a href=\"https:\/\/dom-ilok.hr\/wp-content\/uploads\/2026\/01\/2015-Godisnje-izvjesce-ZPPI.pdf\">2015 &#8211; Godisnje izvjesce ZPPI<\/a>&nbsp;(pdf)<\/p>\n<p><a href=\"https:\/\/dom-ilok.hr\/wp-content\/uploads\/2026\/01\/2015-Odluka-o-imenovanju-sluzbenika-za-informiranje.pdf\">2015 &#8211; Odluka o imenovanju sluzbenika za informiranje<\/a>&nbsp;(pdf)<\/p>\n<p>Katalog informacija 2011. godinu:<\/p>\n<p><a href=\"https:\/\/dom-ilok.hr\/wp-content\/uploads\/2026\/01\/2011-Odluka-o-ustroju-kataloga-informacija.pdf\">2011 &#8211; Odluka o ustroju kataloga informacija<\/a>&nbsp;(pdf)<\/p>\n<p>&nbsp;<\/p>\n<p>&nbsp;<\/p>\n<p>&nbsp;<\/p>\n","protected":false},"excerpt":{"rendered":"<p>Pravo na pristup informacijama Doma za starije i nemo\u0107ne osobe Ilok &nbsp; Obrasci: Obrazac 1 &#8211; Upisnik o zahtjevima postupcima i odlukama o ostvarivanju prava na pristup informacija&nbsp;(docx) Obrazac 2 &#8211; Zahtjev za pristup informacijama&nbsp;(pdf) Obrazac 3 &#8211; Zahtjev za dopunu ili ispravak informacije&nbsp;(pdf) Obrazac 4 &#8211; Zahtjev za ponovnu uporabu informacija&nbsp;(pdf) Obrazac 5 &#8211;&hellip;<\/p>\n","protected":false},"author":1,"featured_media":0,"parent":0,"menu_order":0,"comment_status":"closed","ping_status":"closed","template":"","meta":{"_monsterinsights_skip_tracking":false,"_monsterinsights_sitenote_active":false,"_monsterinsights_sitenote_note":"","_monsterinsights_sitenote_category":0,"ngg_post_thumbnail":0,"footnotes":""},"class_list":["post-4107","page","type-page","status-publish","hentry","description-off"],"aioseo_notices":[],"_links":{"self":[{"href":"https:\/\/dom-ilok.hr\/index.php?rest_route=\/wp\/v2\/pages\/4107","targetHints":{"allow":["GET"]}}],"collection":[{"href":"https:\/\/dom-ilok.hr\/index.php?rest_route=\/wp\/v2\/pages"}],"about":[{"href":"https:\/\/dom-ilok.hr\/index.php?rest_route=\/wp\/v2\/types\/page"}],"author":[{"embeddable":true,"href":"https:\/\/dom-ilok.hr\/index.php?rest_route=\/wp\/v2\/users\/1"}],"replies":[{"embeddable":true,"href":"https:\/\/dom-ilok.hr\/index.php?rest_route=%2Fwp%2Fv2%2Fcomments&post=4107"}],"version-history":[{"count":3,"href":"https:\/\/dom-ilok.hr\/index.php?rest_route=\/wp\/v2\/pages\/4107\/revisions"}],"predecessor-version":[{"id":4301,"href":"https:\/\/dom-ilok.hr\/index.php?rest_route=\/wp\/v2\/pages\/4107\/revisions\/4301"}],"wp:attachment":[{"href":"https:\/\/dom-ilok.hr\/index.php?rest_route=%2Fwp%2Fv2%2Fmedia&parent=4107"}],"curies":[{"name":"wp","href":"https:\/\/api.w.org\/{rel}","templated":true}]}}