{"id":3537,"date":"2024-12-06T17:04:37","date_gmt":"2024-12-06T16:04:37","guid":{"rendered":"https:\/\/dom-ilok.hr\/?page_id=3537"},"modified":"2024-12-09T11:02:24","modified_gmt":"2024-12-09T10:02:24","slug":"projekt-soccare","status":"publish","type":"page","link":"https:\/\/dom-ilok.hr\/?page_id=3537","title":{"rendered":"Projekt SocCare"},"content":{"rendered":"<p>&nbsp;<\/p>\n<p><img loading=\"lazy\" decoding=\"async\" class=\"alignnone size-full wp-image-3540\" src=\"https:\/\/dom-ilok.hr\/wp-content\/uploads\/2024\/12\/Interreg-IPA-Croatia-Serbia.png\" alt=\"Interreg IPA Croatia - Serbia\" width=\"469\" height=\"142\" srcset=\"https:\/\/dom-ilok.hr\/wp-content\/uploads\/2024\/12\/Interreg-IPA-Croatia-Serbia.png 469w, https:\/\/dom-ilok.hr\/wp-content\/uploads\/2024\/12\/Interreg-IPA-Croatia-Serbia-300x91.png 300w\" sizes=\"auto, (max-width: 469px) 100vw, 469px\" \/><\/p>\n<p>&nbsp;<\/p>\n<p><strong>NAZIV PROJEKTA I KODNI BROJ:<\/strong><\/p>\n<p>Pobolj\u0161anje dostupnosti socijalnih usluga u zajednici u programskom podru\u010dju<\/p>\n<p>Vukovarsko-srijemske \u017eupanije, Vojvodine i Ma\u010dvanskog okruga<\/p>\n<ul>\n<li><strong>HR-RS00020<\/strong><\/li>\n<li>akronim: SocCare<\/li>\n<\/ul>\n<p>&nbsp;<\/p>\n<p><strong>UPRAVLJA\u010cKO TIJELO:<\/strong><\/p>\n<ul>\n<li>Ministarstvo regionalnog razvoja i fondova Europske Unije Republike Hrvatske,<br \/>\nInterreg VI-A IPA programa Hrvatska \u2013 Srbija 2021.-2027.<\/li>\n<\/ul>\n<p>&nbsp;<\/p>\n<p><strong>NOSITELJ PROJEKTA:<\/strong><\/p>\n<p>Dom za starije i nemo\u0107ne osobe, Ilok<\/p>\n<p>&nbsp;<\/p>\n<p><strong>PARTNERI NA PROJEKTU:<\/strong><\/p>\n<ul>\n<li>Caritas \u0160abac, Srbija<\/li>\n<li>Razvojna agencija Vukovarsko-srijemske \u017eupanije, Hrvatska<\/li>\n<li>Gerontolo\u0161ki centar Ba\u010dka Palanka, Srbija<\/li>\n<\/ul>\n<p>&nbsp;<\/p>\n<p><strong>CILJ PROJEKTA:<\/strong><\/p>\n<ul>\n<li>pobolj\u0161ati pristup novim uslugama u zajednici koje nude skrb za starije osobe, osobe s invaliditetom i osobe koje boluju od Alzheimerove bolesti<\/li>\n<\/ul>\n<p>&nbsp;<\/p>\n<p><strong>KRATAK OPIS PROJEKTA:<\/strong><\/p>\n<ul>\n<li>ovim projektom se nastoji olak\u0161ati proces deinstitucionalizacije i sprije\u010diti, smanjiti institucionalizaciju novih korisnika koji proizlazi iz nedovoljne podr\u0161ke u zajednici u kojoj ti korisnici borave. Projektom se nastoji pobolj\u0161ati dostupnost socijalnih usluga i u\u010dinkovitost sustava socijalne skrbi u prekograni\u010dnim podru\u010djima.<\/li>\n<\/ul>\n<p>&nbsp;<\/p>\n<p><strong>O\u010cEKIVANI REZULTATI:<\/strong><\/p>\n<ul>\n<li>uspostava i provedba novih usluga u zajednici u programskim podru\u010djima, uklju\u010duju\u0107i centre za savjetovanje i podr\u0161ku u Iloku i \u0160apcu, dnevni boravci u Iloku, Ba\u010dkoj Palanci i \u0160apcu te potpomognuto stanovanje u Vladimircima<\/li>\n<li>pobolj\u0161ane vje\u0161tine u socijalnoj skrbi za 60 stru\u010dnjaka i 20 volontera<\/li>\n<li>zajedni\u010dka kampanja podizanja svijesti javnosti za promicanje deinstitucionalizacije<\/li>\n<li>suradnja organizacija u prekograni\u010dnom podru\u010dju<\/li>\n<\/ul>\n<p>&nbsp;<\/p>\n<p><strong>CILJANA SKUPINA:<\/strong><\/p>\n<ul>\n<li>starije osobe, osobe s invaliditetom i osobe oboljele od Alzheimerove bolesti kojima je potrebna podr\u0161ka za \u017eivot u zajednici<\/li>\n<\/ul>\n<p>&nbsp;<\/p>\n<p><strong>UKUPNA VRIJEDNOST PROJEKTA:<\/strong><\/p>\n<ul>\n<li>1.759.424,63 eura<\/li>\n<\/ul>\n<p>&nbsp;<\/p>\n<p><strong>IZNOS BESPOVRATNIH SREDSTAVA:<\/strong><\/p>\n<ul>\n<li>1.495.510,92 eura (85%)<\/li>\n<\/ul>\n<p>&nbsp;<\/p>\n<p><strong>VLASTITO SUFINANCIRANJE:<\/strong><\/p>\n<ul>\n<li>263.913,71 eura ( 15%)<\/li>\n<\/ul>\n<p>&nbsp;<\/p>\n<p><strong>RAZDOBLJE PROVEDBE PROJEKTA:<\/strong><\/p>\n<ul>\n<li>30 mjeseci, 01.10.2024.-31.03.2027.<\/li>\n<\/ul>\n<p>&nbsp;<\/p>\n<p><strong>KONTAKT OSOBA:<\/strong><\/p>\n<ul>\n<li>Svjetlana Pole, voditelj projekta<br \/>\nSofija 2, 32236 Ilok<br \/>\nkontakt telefon: 098\/172-37-26<br \/>\nmail: <strong><a href=\"mailto:domilok.svjetlana@gmail.com\">domilok.svjetlana@gmail.com<\/a><\/strong><\/li>\n<\/ul>\n<p>&nbsp;<\/p>\n<p>&nbsp;<\/p>\n<p><strong>PROJECT TITLE AND CODE NUMBER:<\/strong><br \/>\nImproving the availability of social services in the community in the programming area of \u200b\u200bVukovar-Srijem County, Vojvodina, and Ma\u010dva District<\/p>\n<ul>\n<li>HR-RS00020<\/li>\n<li>acronym: SocCare<\/li>\n<\/ul>\n<p>&nbsp;<\/p>\n<p><strong>MANAGING AUTHORITY:<\/strong><\/p>\n<ul>\n<li>Ministry of Regional Development and European Union Funds of the Republic of Croatia,&nbsp;&nbsp;<br \/>\nInterreg VI-A IPA Programme Croatia \u2013 Serbia 2021-2027<\/li>\n<\/ul>\n<p>&nbsp;<\/p>\n<p><strong>PROJECT HOLDER:<\/strong><\/p>\n<ul>\n<li>Home for the elderly and infirm, Ilok<\/li>\n<\/ul>\n<p>&nbsp;<\/p>\n<p><strong>PROJECT PARTNERS:<\/strong><\/p>\n<ul>\n<li>Caritas \u0160abac, Serbia<\/li>\n<li>Development Agency of the Vukovar-Srijem County, Croatia<\/li>\n<li>Gerontology Center Ba\u010dka Palanka, Serbia<\/li>\n<\/ul>\n<p>&nbsp;<\/p>\n<p><strong>OBJECTIVE OF THE PROJECT:<\/strong><\/p>\n<ul>\n<li>improve access to new services in the community that offer care for the elderly, people with disabilities, and people suffering from Alzheimer&#8217;s disease<\/li>\n<\/ul>\n<p>&nbsp;<\/p>\n<p><strong>BRIEF DESCRIPTION OF THE PROJECT:<\/strong><\/p>\n<ul>\n<li>this project aims to facilitate the process of deinstitutionalization and to prevent and reduce the institutionalization of new users resulting from insufficient support in the community where these users live. The project aims to improve the availability of social services and the efficiency of the social care system in cross-border areas.<\/li>\n<\/ul>\n<p>&nbsp;<\/p>\n<p><strong>EXPECTED RESULTS:<\/strong><\/p>\n<ul>\n<li>establishment and implementation of new services in the community in the program areas, including counseling and support centers in Ilok and \u0160apac, day care centers in Ilok, Ba\u010dka Palanka, and \u0160apac, and supported housing in Vladimirci<\/li>\n<li>improved skills in social care for 60 professionals and 20 volunteers<\/li>\n<li>joint public awareness campaign to promote deinstitutionalization<\/li>\n<li>cooperation organization in the cross-border area<\/li>\n<\/ul>\n<p>&nbsp;<\/p>\n<p><strong>TARGET GROUP:<\/strong><\/p>\n<ul>\n<li>elderly people, people with disabilities, and people suffering from Alzheimer&#8217;s disease who need support for living in the community<\/li>\n<\/ul>\n<p>&nbsp;<\/p>\n<p><strong>TOTAL VALUE OF THE PROJECT:<\/strong><\/p>\n<ul>\n<li>1,759,424.63 euros<\/li>\n<\/ul>\n<p>&nbsp;<\/p>\n<p><strong>AMOUNT OF GRANTS:<\/strong><\/p>\n<ul>\n<li>1,495,510.92 euros (85%)<\/li>\n<\/ul>\n<p>&nbsp;<\/p>\n<p><strong>OWN CO-FINANCING:<\/strong><\/p>\n<ul>\n<li>263,913.71 euros (15%)<\/li>\n<\/ul>\n<p>&nbsp;<\/p>\n<p><strong>IMPLEMENTATION PERIOD PROJECT:<\/strong><\/p>\n<ul>\n<li>30 months, 01.10.2024.-31.03.2027.<\/li>\n<\/ul>\n<p>&nbsp;<\/p>\n<p><strong>CONTACT PERSON:<\/strong><\/p>\n<ul>\n<li>Svjetlana Pole, project manager<br \/>\nSofija 2, 32236 Ilok<br \/>\ncontact phone: 098\/172-37-26<br \/>\nmail: domilok.svjetlana@gmail.com<\/li>\n<\/ul>\n","protected":false},"excerpt":{"rendered":"<p>&nbsp; &nbsp; NAZIV PROJEKTA I KODNI BROJ: Pobolj\u0161anje dostupnosti socijalnih usluga u zajednici u programskom podru\u010dju Vukovarsko-srijemske \u017eupanije, Vojvodine i Ma\u010dvanskog okruga HR-RS00020 akronim: SocCare &nbsp; UPRAVLJA\u010cKO TIJELO: Ministarstvo regionalnog razvoja i fondova Europske Unije Republike Hrvatske, Interreg VI-A IPA programa Hrvatska \u2013 Srbija 2021.-2027. &nbsp; NOSITELJ PROJEKTA: Dom za starije i nemo\u0107ne osobe, Ilok&hellip;<\/p>\n","protected":false},"author":1,"featured_media":0,"parent":0,"menu_order":0,"comment_status":"closed","ping_status":"closed","template":"","meta":{"_monsterinsights_skip_tracking":false,"_monsterinsights_sitenote_active":false,"_monsterinsights_sitenote_note":"","_monsterinsights_sitenote_category":0,"ngg_post_thumbnail":0,"footnotes":""},"class_list":["post-3537","page","type-page","status-publish","hentry","description-off"],"aioseo_notices":[],"_links":{"self":[{"href":"https:\/\/dom-ilok.hr\/index.php?rest_route=\/wp\/v2\/pages\/3537","targetHints":{"allow":["GET"]}}],"collection":[{"href":"https:\/\/dom-ilok.hr\/index.php?rest_route=\/wp\/v2\/pages"}],"about":[{"href":"https:\/\/dom-ilok.hr\/index.php?rest_route=\/wp\/v2\/types\/page"}],"author":[{"embeddable":true,"href":"https:\/\/dom-ilok.hr\/index.php?rest_route=\/wp\/v2\/users\/1"}],"replies":[{"embeddable":true,"href":"https:\/\/dom-ilok.hr\/index.php?rest_route=%2Fwp%2Fv2%2Fcomments&post=3537"}],"version-history":[{"count":11,"href":"https:\/\/dom-ilok.hr\/index.php?rest_route=\/wp\/v2\/pages\/3537\/revisions"}],"predecessor-version":[{"id":3560,"href":"https:\/\/dom-ilok.hr\/index.php?rest_route=\/wp\/v2\/pages\/3537\/revisions\/3560"}],"wp:attachment":[{"href":"https:\/\/dom-ilok.hr\/index.php?rest_route=%2Fwp%2Fv2%2Fmedia&parent=3537"}],"curies":[{"name":"wp","href":"https:\/\/api.w.org\/{rel}","templated":true}]}}