{"id":2700,"date":"2021-01-28T08:03:46","date_gmt":"2021-01-28T07:03:46","guid":{"rendered":"https:\/\/dom-ilok.hr\/?page_id=2700"},"modified":"2026-03-05T11:23:58","modified_gmt":"2026-03-05T10:23:58","slug":"upravno-vijece","status":"publish","type":"page","link":"https:\/\/dom-ilok.hr\/?page_id=2700","title":{"rendered":"Upravno vije\u0107e"},"content":{"rendered":"<p style=\"text-align: left;\">Upravno vije\u0107e je tijelo koje upravlja Domom, a \u010dine ga tri predstavnika Osniva\u010da Vukovarsko-srijemske \u017eupanije, jedan predstavnik radnika zaposlen u Domu i jedan predstavnik korisnika Doma. \u010clanove Upravnog vije\u0107a, predstavnike Osniva\u010da i korisnika, imenuje Vukovarsko-srijemska \u017eupanija.<\/p>\n<p style=\"text-align: left;\">\u010clana Upravnog vije\u0107a predstavnika radnika zaposlenih u Domu odabiru radnici na slobodnim i neposrednim izborima, tajnim glasovanjem sukladno posebnom propisu. Predstavnika korisnika Doma, predla\u017eu korisnici Doma, ve\u0107inom glasova u\u010desnika skupa korisnika. Mandat Upravnog vije\u0107a traje \u010detiri godine.<\/p>\n<p style=\"text-align: left;\">&nbsp;<\/p>\n<p style=\"text-align: left;\"><strong>Predsjednica Upravnog vije\u0107a <\/strong><\/p>\n<ul>\n<li style=\"text-align: left;\">Zrinka \u010cobankovi\u0107, univ.spec.oec. (prestavnik Vukovarsko-srijemske \u017eupanije)<\/li>\n<\/ul>\n<p><span style=\"text-decoration: underline; color: #3366ff;\"><em> <a style=\"color: #3366ff; text-decoration: underline;\" href=\"https:\/\/dom-ilok.hr\/wp-content\/uploads\/2026\/03\/Zakljucak-Odluka-o-izboru-predsjednice-UV-a.pdf\">Zakljucak &#8211; Odluka o izboru predsjednice UV-a<\/a><\/em><\/span> (pdf)<\/p>\n<p style=\"text-align: left;\">&nbsp;<\/p>\n<p style=\"text-align: left;\"><strong>Zamjenik predsjednice<\/strong><\/p>\n<ul>\n<li style=\"text-align: left;\">Miroslav Jani\u0107, dipl.krim. (predstavnik Vukovarsko-srijemske \u017eupanije)<\/li>\n<\/ul>\n<p style=\"text-align: left;\">&nbsp;<\/p>\n<p style=\"text-align: left;\"><strong>\u010clanovi Upravnog vije\u0107a<\/strong><\/p>\n<ul>\n<li style=\"text-align: left;\">Mario Kolak, univ.bacc.act.soc. (predstavnik Vukovarsko-srijemske \u017eupanije)&#8221;<\/li>\n<li style=\"text-align: left;\">Sini\u0161a Boban (predstavnik radnika)<\/li>\n<li style=\"text-align: left;\">Jule Ba\u010dko (predstavnik korisnika)<\/li>\n<\/ul>\n<p style=\"text-align: left;\">&nbsp;<\/p>\n<p style=\"text-align: left;\">Odluke Upravnog vije\u0107a pogledajte <span style=\"color: #3366ff;\"><a style=\"color: #3366ff;\" href=\"https:\/\/dom-ilok.hr\/?page_id=4140\"><span style=\"text-decoration: underline;\"><em>ovdje<\/em><\/span><\/a><\/span><\/p>\n","protected":false},"excerpt":{"rendered":"<p>Upravno vije\u0107e je tijelo koje upravlja Domom, a \u010dine ga tri predstavnika Osniva\u010da Vukovarsko-srijemske \u017eupanije, jedan predstavnik radnika zaposlen u Domu i jedan predstavnik korisnika Doma. \u010clanove Upravnog vije\u0107a, predstavnike Osniva\u010da i korisnika, imenuje Vukovarsko-srijemska \u017eupanija. \u010clana Upravnog vije\u0107a predstavnika radnika zaposlenih u Domu odabiru radnici na slobodnim i neposrednim izborima, tajnim glasovanjem sukladno posebnom&hellip;<\/p>\n","protected":false},"author":1,"featured_media":0,"parent":895,"menu_order":27,"comment_status":"closed","ping_status":"closed","template":"","meta":{"_monsterinsights_skip_tracking":false,"_monsterinsights_sitenote_active":false,"_monsterinsights_sitenote_note":"","_monsterinsights_sitenote_category":0,"ngg_post_thumbnail":0,"footnotes":""},"class_list":["post-2700","page","type-page","status-publish","hentry","description-off"],"aioseo_notices":[],"_links":{"self":[{"href":"https:\/\/dom-ilok.hr\/index.php?rest_route=\/wp\/v2\/pages\/2700","targetHints":{"allow":["GET"]}}],"collection":[{"href":"https:\/\/dom-ilok.hr\/index.php?rest_route=\/wp\/v2\/pages"}],"about":[{"href":"https:\/\/dom-ilok.hr\/index.php?rest_route=\/wp\/v2\/types\/page"}],"author":[{"embeddable":true,"href":"https:\/\/dom-ilok.hr\/index.php?rest_route=\/wp\/v2\/users\/1"}],"replies":[{"embeddable":true,"href":"https:\/\/dom-ilok.hr\/index.php?rest_route=%2Fwp%2Fv2%2Fcomments&post=2700"}],"version-history":[{"count":9,"href":"https:\/\/dom-ilok.hr\/index.php?rest_route=\/wp\/v2\/pages\/2700\/revisions"}],"predecessor-version":[{"id":4351,"href":"https:\/\/dom-ilok.hr\/index.php?rest_route=\/wp\/v2\/pages\/2700\/revisions\/4351"}],"up":[{"embeddable":true,"href":"https:\/\/dom-ilok.hr\/index.php?rest_route=\/wp\/v2\/pages\/895"}],"wp:attachment":[{"href":"https:\/\/dom-ilok.hr\/index.php?rest_route=%2Fwp%2Fv2%2Fmedia&parent=2700"}],"curies":[{"name":"wp","href":"https:\/\/api.w.org\/{rel}","templated":true}]}}