{"id":1687,"date":"2018-05-24T11:08:26","date_gmt":"2018-05-24T09:08:26","guid":{"rendered":"http:\/\/dom-ilok.hr\/?page_id=1687"},"modified":"2018-05-24T11:08:26","modified_gmt":"2018-05-24T09:08:26","slug":"eksterijer-i-interijer","status":"publish","type":"page","link":"https:\/\/dom-ilok.hr\/?page_id=1687","title":{"rendered":"Eksterijer i Interijer"},"content":{"rendered":"<p>&nbsp;<\/p>\n<p><strong>Eksterijer<\/strong><\/p>\n<p style=\"text-align: justify;\">Prostor ustanove je na povr\u0161ini od 30.000 m2. Budu\u0107i da se nalazi na periferiji grada, prostor je bez gradskog prometa i buke, pogodan za \u0161etnje s obzirom da obiluje stazama i zelenilom te klupama za odmor.<\/p>\nngg_shortcode_0_placeholder\n<p>&nbsp;<\/p>\n<p>&nbsp;<\/p>\n<p><strong>Interijer<\/strong><\/p>\n<p style=\"text-align: justify;\">Sadr\u017eaj Doma za starije i nemo\u0107ne osobe Ilok nudi osim odgovaraju\u0107eg smje\u0161taja, restoran, ambulantu, dnevni boravak i \u010dajnu kuhinju, kapelicu, knji\u017enicu, kuglanu i prostore za organizirano i slobodno provo\u0111enje vremena te organiziranje radne i fizikalne terapije.<\/p>\nngg_shortcode_1_placeholder\n","protected":false},"excerpt":{"rendered":"<p>&nbsp; Eksterijer Prostor ustanove je na povr\u0161ini od 30.000 m2. Budu\u0107i da se nalazi na periferiji grada, prostor je bez gradskog prometa i buke, pogodan za \u0161etnje s obzirom da obiluje stazama i zelenilom te klupama za odmor. &#8221; order_by=&#8221;sortorder&#8221; order_direction=&#8221;ASC&#8221; returns=&#8221;included&#8221; maximum_entity_count=&#8221;500&#8243;] &nbsp; &nbsp; Interijer Sadr\u017eaj Doma za starije i nemo\u0107ne osobe Ilok nudi&hellip;<\/p>\n","protected":false},"author":1,"featured_media":0,"parent":895,"menu_order":103,"comment_status":"closed","ping_status":"closed","template":"","meta":{"_monsterinsights_skip_tracking":false,"_monsterinsights_sitenote_active":false,"_monsterinsights_sitenote_note":"","_monsterinsights_sitenote_category":0,"ngg_post_thumbnail":0,"footnotes":""},"class_list":["post-1687","page","type-page","status-publish","hentry","description-off"],"aioseo_notices":[],"_links":{"self":[{"href":"https:\/\/dom-ilok.hr\/index.php?rest_route=\/wp\/v2\/pages\/1687","targetHints":{"allow":["GET"]}}],"collection":[{"href":"https:\/\/dom-ilok.hr\/index.php?rest_route=\/wp\/v2\/pages"}],"about":[{"href":"https:\/\/dom-ilok.hr\/index.php?rest_route=\/wp\/v2\/types\/page"}],"author":[{"embeddable":true,"href":"https:\/\/dom-ilok.hr\/index.php?rest_route=\/wp\/v2\/users\/1"}],"replies":[{"embeddable":true,"href":"https:\/\/dom-ilok.hr\/index.php?rest_route=%2Fwp%2Fv2%2Fcomments&post=1687"}],"version-history":[{"count":1,"href":"https:\/\/dom-ilok.hr\/index.php?rest_route=\/wp\/v2\/pages\/1687\/revisions"}],"predecessor-version":[{"id":1710,"href":"https:\/\/dom-ilok.hr\/index.php?rest_route=\/wp\/v2\/pages\/1687\/revisions\/1710"}],"up":[{"embeddable":true,"href":"https:\/\/dom-ilok.hr\/index.php?rest_route=\/wp\/v2\/pages\/895"}],"wp:attachment":[{"href":"https:\/\/dom-ilok.hr\/index.php?rest_route=%2Fwp%2Fv2%2Fmedia&parent=1687"}],"curies":[{"name":"wp","href":"https:\/\/api.w.org\/{rel}","templated":true}]}}